is divided by 28792?
83
Calculate the remainder when 9092945 is divided by 1659.
1625
Calculate the remainder when 5106826 is divided by 1984.
10
What is the remainder when 420640 is divided by 5837?
376
What is the remainder when 115846954 is divided by 6353?
6352
What is the remainder when 151627079 is divided by 33?
32
Calculate the remainder when 67161 is divided by 1888.
1081
What is the remainder when 57626606 is divided by 976722?
8
What is the remainder when 821071 is divided by 410526?
19
What is the remainder when 112324 is divided by 37427?
43
What is the remainder when 12634536 is divided by 3158623?
44
What is the remainder when 1080636 is divided by 18008?
156
Calculate the remainder when 64437 is divided by 31054.
2329
What is the remainder when 131707 is divided by 65823?
61
What is the remainder when 7177329 is divided by 5?
4
What is the remainder when 5775170 is divided by 1443788?
18
Calculate the remainder when 1326608 is divided by 441492.
2132
What is the remainder when 228134745 is divided by 14?
13
Calculate the remainder when 1097280 is divided by 5974.
4038
What is the remainder when 10796169 is divided by 1194?
21
Calculate the remainder when 18792 is divided by 6232.
96
Calculate the remainder when 257843 is divided by 1806.
1391
What is the remainder when 99440 is divided by 3682?
26
Calculate the remainder when 14340640 is divided by 111.
106
Calculate the remainder when 18840 is divided by 302.
116
Calculate the remainder when 230416 is divided by 57254.
1400
Calculate the remainder when 586846 is divided by 318.
136
What is the remainder when 794311 is divided by 954?
583
What is the remainder when 7868 is divided by 7490?
378
What is the remainder when 10249701 is divided by 706?
699
What is the remainder when 201101 is divided by 66562?
1415
Calculate the remainder when 1983604 is divided by 5047.
133
Calculate the remainder when 589851 is divided by 967.
948
Calculate the remainder when 279871 is divided by 69915.
211
What is the remainder when 24074 is divided by 260?
154
Calculate the remainder when 1335681 is divided by 667762.
157
What is the remainder when 81324 is divided by 802?
322
Calculate the remainder when 175608 is divided by 87.
42
What is the remainder when 686313 is divided by 228744?
81
Calculate the remainder when 10299907 is divided by 926.
9
Calculate the remainder when 1173887 is divided by 1776.
1727
What is the remainder when 4254660 is divided by 270?
0
What is the remainder when 36555134 is divided by 1108?
1106
What is the remainder when 26135 is divided by 384?
23
Calculate the remainder when 194140 is divided by 35.
30
What is the remainder when 246233 is divided by 3793?
3481
Calculate the remainder when 294017 is divided by 8.
1
What is the remainder when 2810915 is divided by 47?
33
Calculate the remainder when 134457 is divided by 2491.
2434
What is the remainder when 297250 is divided by 6195?
6085
Calculate the remainder when 34470 is divided by 15904.
2662
Calculate the remainder when 18926 is divided by 2280.
686
What is the remainder when 18353291 is divided by 7584?
11
What is the remainder when 307420 is divided by 13967?
146
Calculate the remainder when 5375 is divided by 1761.
92
Calculate the remainder when 340763 is divided by 30954.
269
Calculate the remainder when 1969906 is divided by 1497.
1351
What is the remainder when 241586 is divided by 1015?
16
What is the remainder when 12369855 is divided by 1948?
55
What is the remainder when 279007878 is divided by 458141?
9
Calculate the remainder when 5484 is divided by 4810.
674
What is the remainder when 317117 is divided by 3448?
3349
Calculate the remainder when 125423222 is divided by 31355805.
2
What is the remainder when 105266 is divided by 2689?
395
What is the remainder when 209839 is divided by 4896?
4207
Calculate the remainder when 728074 is divided by 417.
409
What is the remainder when 11542260 is divided by 250?
10
What is the remainder when 703173 is divided by 1267?
1255
What is the remainder when 18766653 is divided by 1259?
1258
What is the remainder when 33704 is divided by 738?
494
Calculate the remainder when 6036798 is divided by 2012266.
0
What is the remainder when 386396 is divided by 774?
170
Calculate the remainder when 109305 is divided by 847.
42
What is the remainder when 234251 is divided by 5274?
2195
Calculate the remainder when 194801 is divided by 17694.
167
Calculate the remainder when 6785240 is divided by 193864.
0
Calculate the remainder when 136738 is divided by 157.
148
Calculate the remainder when 188355 is divided by 8.
3
What is the remainder when 76930595 is divided by 18?
17
Calculate the remainder when 809435 is divided by 627.
605
What is the remainder when 12539275 is divided by 261?
52
Calculate the remainder when 6440934 is divided by 423.
336
What is the remainder when 89448621 is divided by 265?
256
What is the remainder when 445519 is divided by 1061?
960
What is the remainder when 256940 is divided by 1485?
35
Calculate the remainder when 93488 is divided by 15580.
8
What is the remainder when 6841 is divided by 2336?
2169
Calculate the remainder when 260554368 is divided by 235.
233
What is the remainder when 1050889 is divided by 6244?
1897
Calculate the remainder when 5682 is divided by 2101.
1480
What is the remainder when 33692 is divided by 1053?
1049
Calculate the remainder when 2610935 is divided by 326.
1
Calculate the remainder when 136166 is divided by 469.
156
What is the remainder when 432167 is divided by 21362?
4927
What is the remainder when 2542717 is divided by 580?
577
Calculate the remainder when 203698 is divided by 185.
13
Calculate the remainder when 1429142 is divided by 381.
11
What is the remainder when 22850 is divided by 3263?
9
Calculate the remainder when 1595221 is divided by 122706.
43
What is the remainder when 129294 is divided by 2054?
1946
Calculate the remainder when 36646 is divided by 31057.
5589
What is the remainder when 26260 is divided by 12989?
282
Calculate the remainder when 214174 is divided by 14268.
154
What is the remainder when 1420 is divided by 441?
97
Calculate the remainder when 10012908 is divided by 3049.
3041
What is the remainder when 15186251 is divided by 7593104?
43
Calculate the remainder when 6340977 is divided by 33.
27
Calculate the remainder when 13707 is divided by 4485.
252
Calculate the remainder when 3154631 is divided by 86.
65
What is the remainder when 29335 is divided by 285?
265
What is the remainder when 229640 is divided by 5598?
122
Calculate the remainder when 94187636 is divided by 82.
58
Calculate the remainder when 17093156 is divided by 1424429.
8
What is the remainder when 1779907 is divided by 1288?
1179
Calculate the remainder when 1049831 is divided by 74962.
363
Calculate the remainder when 1310333 is divided by 164.
137
Calculate the remainder when 70056 is divided by 23031.
963
Calculate the remainder when 1067982 is divided by 1606.
1598
Calculate the remainder when 130778 is divided by 32674.
82
Calculate the remainder when 1246926 is divided by 489.
465
What is the remainder when 378116 is divided by 727?
76
Calculate the remainder when 14988 is divided by 912.
396
Calculate the remainder when 223197 is divided by 310.
307
What is the remainder when 222635 is divided by 135?
20
Calculate the remainder when 4193440 is divided by 25.
15
What is the remainder when 306039 is divided by 1254?
63
What is the remainder when 5249497 is divided by 58983?
10
What is the remainder when 139804 is divided by 4506?
118
Calculate the remainder when 7150 is divided by 1158.
202
Calculate the remainder when 1776046 is divided by 169.
25
Calculate the remainder when 31204 is divided by 2051.
439
Calculate the remainder when 47846190 is divided by 427198.
14
Calculate the remainder when 4894433 is divided by 4894426.
7
Calculate the remainder when 32078 is divided by 1842.
764
What is the remainder when 4843594 is divided by 484358?
14
Calculate the remainder when 2945 is divided by 336.
257
What is the remainder when 361687029 is divided by 180843503?
23
What is the remainder when 359338 is divided by 58?
28
What is the remainder when 94846 is divided by 1281?
52
Calculate the rema